e
Does 5 divide 809?
False
Is 683 a multiple of 44?
False
Is 325 a multiple of 6?
False
Is 15341 a multiple of 23?
True
Does 50 divide 704?
False
Is 3942 a multiple of 18?
True
Is 3 a factor of 39?
True
Is 26293 a multiple of 28?
False
Is 11881 a multiple of 25?
False
Does 9 divide 873?
True
Is 15 a factor of 411?
False
Is 162 a multiple of 9?
True
Is 13 a factor of 264?
False
Is 37 a factor of 1528?
False
Is 38 a factor of 1324?
False
Does 16 divide 18396?
False
Is 19 a factor of 513?
True
Does 26 divide 545?
False
Does 4 divide 207?
False
Is 1336 a multiple of 96?
False
Does 2 divide 121?
False
Does 26 divide 30739?
False
Is 12770 a multiple of 63?
False
Does 46 divide 690?
True
Is 4236 a multiple of 18?
False
Is 50 a factor of 2559?
False
Is 53 a factor of 771?
False
Is 200 a multiple of 10?
True
Is 16 a factor of 47?
False
Is 54 a factor of 864?
True
Does 24 divide 504?
True
Is 4416 a multiple of 48?
True
Does 63 divide 1638?
True
Is 4100 a multiple of 50?
True
Is 10 a factor of 4650?
True
Is 19 a factor of 26429?
True
Is 1008 a multiple of 6?
True
Is 98 a multiple of 7?
True
Is 88 a multiple of 4?
True
Is 3 a factor of 981?
True
Is 5 a factor of 109?
False
Does 13 divide 108?
False
Is 179 a factor of 26134?
True
Is 14 a factor of 782?
False
Is 20292 a multiple of 114?
True
Does 86 divide 31181?
False
Is 7601 a multiple of 6?
False
Is 21 a factor of 2751?
True
Does 29 divide 1189?
True
Does 53 divide 1749?
True
Is 1014 a multiple of 39?
True
Does 61 divide 83331?
False
Does 11 divide 623?
False
Does 32 divide 26382?
False
Is 62 a factor of 18662?
True
Is 6654 a multiple of 84?
False
Is 33 a factor of 16665?
True
Is 3102 a multiple of 22?
True
Does 65 divide 11684?
False
Is 13917 a multiple of 118?
False
Does 14 divide 7830?
False
Does 20 divide 83?
False
Is 21 a factor of 4095?
True
Is 4845 a multiple of 19?
True
Is 6708 a multiple of 78?
True
Is 23715 a multiple of 15?
True
Is 228 a multiple of 4?
True
Does 6 divide 42?
True
Is 124 a factor of 6448?
True
Does 37 divide 1369?
True
Is 33 a factor of 528?
True
Is 6529 a multiple of 102?
False
Does 20 divide 10600?
True
Does 25 divide 1125?
True
Does 21 divide 18585?
True
Is 11 a factor of 372?
False
Is 16 a factor of 1200?
True
Is 14272 a multiple of 16?
True
Is 84 a factor of 2494?
False
Is 446 a multiple of 10?
False
Is 56 a factor of 46930?
False
Is 23832 a multiple of 36?
True
Is 5 a factor of 60?
True
Is 56 a factor of 4200?
True
Does 18 divide 13457?
False
Does 23 divide 4014?
False
Is 74 a factor of 543?
False
Is 18492 a multiple of 23?
True
Is 6540 a multiple of 164?
False
Does 14 divide 11467?
False
Does 4 divide 2718?
False
Is 978 a multiple of 3?
True
Does 41 divide 27306?
True
Is 7485 a multiple of 13?
False
Does 9 divide 466?
False
Does 15 divide 5595?
True
Does 183 divide 6416?
False
Is 1966 a multiple of 4?
False
Does 8 divide 3112?
True
Is 2190 a multiple of 15?
True
Does 24 divide 794?
False
Is 6225 a multiple of 25?
True
Is 17 a factor of 391?
True
Does 17 divide 40118?
False
Is 46 a factor of 5750?
True
Is 38 a multiple of 19?
True
Is 5 a factor of 1690?
True
Is 12606 a multiple of 66?
True
Does 35 divide 875?
True
Is 801 a multiple of 3?
True
Does 18 divide 902?
False
Does 92 divide 2285?
False
Is 1806 a multiple of 30?
False
Is 13 a factor of 17472?
True
Does 10 divide 40?
True
Does 130 divide 7527?
False
Is 12420 a multiple of 108?
True
Does 131 divide 9534?
False
Does 21 divide 18338?
False
Is 144 a factor of 21744?
True
Does 8 divide 197?
False
Is 16752 a multiple of 16?
True
Is 22684 a multiple of 106?
True
Does 31 divide 1179?
False
Does 8 divide 647?
False
Is 214 a factor of 90309?
False
Is 2560 a multiple of 20?
True
Is 36 a factor of 4644?
True
Is 241 a multiple of 35?
False
Does 97 divide 1067?
True
Does 37 divide 2257?
True
Is 360 a multiple of 10?
True
Is 22 a factor of 4946?
False
Is 72 a factor of 1790?
False
Is 27816 a multiple of 12?
True
Is 57 a factor of 418?
False
Is 134 a factor of 3941?
False
Does 49 divide 3672?
False
Is 3777 a multiple of 10?
False
Is 3573 even?
False
Is 800 a multiple of 27?
False
Is 3 a factor of 509?
False
Does 94 divide 23876?
True
Does 17 divide 327?
False
Does 30 divide 810?
True
Is 6525 a multiple of 75?
True
Does 21 divide 18543?
True
Is 15620 a multiple of 11?
True
Is 23814 a multiple of 14?
True
Is 12 a factor of 862?
False
Does 79 divide 12725?
False
Does 3 divide 537?
True
Does 7 divide 2556?
False
Does 5 divide 66088?
False
Does 6 divide 155?
False
Does 36 divide 11416?
False
Is 3200 a multiple of 32?
True
Does 61 divide 183?
True
Is 330 a multiple of 66?
True
Is 3937 a multiple of 13?
False
Is 28992 a multiple of 32?
True
Is 8 a factor of 7520?
True
Is 3 a factor of 68?
False
Is 1870 a multiple of 22?
True
Is 25 a factor of 24300?
True
Is 17325 a multiple of 225?
True
Is 28 a factor of 495?
False
Is 3 a factor of 521?
False
Is 55230 a multiple of 167?
False
Is 1882 a multiple of 14?
False
Does 17 divide 4709?
True
Does 56 divide 774?
False
Is 10 a factor of 18268?
False
Is 632 a multiple of 10?
False
Does 4 divide 50?
False
Is 4600 a multiple of 58?
False
Is 141 a multiple of 4?
False
Is 25 a factor of 775?
True
Is 36 a factor of 1152?
True
Is 8 a factor of 574?
False
Is 108 a factor of 28944?
True
Does 47 divide 46882?
False
Is 56 a factor of 2352?
True
Is 2 a factor of 9?
False
Is 55 a factor of 13530?
True
Is 15792 a multiple of 28?
True
Is 238 a factor of 50932?
True
Is 36862 a multiple of 5?
False
Does 71 divide 1917?
True
Does 33 divide 17407?
False
Is 15953 a multiple of 187?
False
Is 7709 a multiple of 8?
False
Does 14 divide 566?
False
Does 27 divide 3465?
False
Does 252 divide 4788?
True
Is 1225 a multiple of 35?
True
Is 154 a multiple of 14?
True
Is 81 a multiple of 6?
False
Is 61324 a multiple of 241?
False
Is 1820 a multiple of 65?
True
Is 6 a factor of 510?
True
Is 11929 a multiple of 151?
True
Does 28 divide 564?
False
Is 3 a factor of 193?
False
Is 9 a factor of 189?
True
Is 35 a factor of 6335?
True
Is 32 a factor of 612?
False
Is 48 a factor of 432?
True
Is 85 a factor of 1360?
True
Does 11 divide 326?
False
Is 11 a factor of 3630?
True
Is 2422 a multiple of 129?
False
Does 18 divide 5382?
True
Is 2404 a multiple of 10?
False
Is 45 a factor of 1094?
False
Does 8 divide 117?
False
Is 14 a factor of 5801?
False
Is 170 a multiple of 23?
False
Does 47 divide 3525?
True
Is 11 a factor of 67?
False
Does 39 divide 1793?
False
Is 23 a factor of 155?
False
Is 12 a factor of 3467?
False
Does 52 divide 1010?
False
Is 7700 a multiple of 22?
True
Is 9345 a multiple of 267?
True
Does 2 divide 139?
False
Does 103 divide 461?
False
Is 9 a factor of 1305?
True
Is 3 a factor of 130?
False
Does 10 divide 1410?
True
Is 5548 a multiple of 60?
False
Is 7 a factor of 10857?
True
Does 13 divide 2387?
False
Is 1544 a multiple of 125?
False
Does 22 divide 462?
True
Does 34 divide 22695?
False
Is 81 a factor of 101558?
False
Is 12 a factor of 72756?
True
Does 15 divide 1874?
False
Is 24 a factor of 1008?
True
Is 12 a factor of 13093?
False
Is 12228 a multiple of 67?
False
Is 22 a factor of 462?
True
Is 12 a factor of 1102?
False
Is 33 a multiple of 5?
False
Does 2 divide 215?
False
Is 504 a multiple of 28?
True
Is 29 a factor of 39?
False
Is 18 a factor of 1926?
True
Does 143 divide 18445?
False
Is 399 a multiple of 36?
False
Is 204 a multiple of 4?
True
Is 245 a multiple of 7?
True
Does 10 divide 197?
False
Is 15 a factor of 3481?
False
Is 7 a factor of 190?
False
Is 11 a factor of 590?
False
Is 19372 a multiple of 168?
False
Is 9752 a multiple of 184?
True
Is 49 a factor of 947?
False
Does 104 divide 1144?
True
Is 14 a factor of 890?
False
Does 194 divide 82498?
False
Does 62 divide 248?
True
Does 136 divide 4756?
False
Is 36 a factor of 5004?
True
Is 995 a multiple of 11?
False
Is 5 a factor of 39?
False
Does 285 divide 81703?
False
Is 330 a multiple of 21?
False
Is 13050 a multiple of 92?
False
Is 2 a factor of 322?
True
Is 16 a factor of 16624?
True
Is 7 a factor of 63?
True
Does 11 divide 649?
True
Is 18354 a multiple of 6?
True
Is 1393 a multiple of 10?
False
Does 23 divide 1999?
False
Is 18040 a multiple of 88?
True
Is 384 a multiple of 32?
True
Is 1128 a multiple of 47?
True
Does 13 divide 658?
False
Is 4 a factor